223479?
True
Is 52910154 a multiple of 6?
True
Is 357118902 a multiple of 16?
False
Does 711 divide 956298555?
True
Is 247 a factor of 31604933?
False
Is 6 a factor of 210831258?
True
Does 23 divide 2321351590?
True
Does 8280 divide 87763305?
False
Does 7 divide 80458091?
True
Is 12 a factor of 24961147?
False
Is 254 a factor of 82845578?
False
Is 29 a factor of 4763841?
False
Is 845 a factor of 464229?
False
Is 19914192 a multiple of 369?
True
Does 52 divide 25982424?
True
Does 255 divide 891464898?
False
Is 360646681 a multiple of 42?
False
Is 151839800 a multiple of 70?
True
Does 1348 divide 6443660?
False
Does 2105 divide 6509391?
False
Is 69230244 a multiple of 1203?
True
Is 38631922 a multiple of 518?
True
Is 139449780 a multiple of 670?
True
Does 41 divide 615937668?
False
Is 422065854 a multiple of 3054?
True
Is 5739957 a multiple of 19?
True
Is 87755598 a multiple of 714?
True
Does 2535 divide 126496500?
True
Does 7 divide 1187382?
True
Is 20947604 a multiple of 118?
False
Is 49195674 a multiple of 114?
True
Does 40 divide 458981200?
True
Is 9258897 a multiple of 1207?
True
Does 289 divide 22993996?
True
Is 30221504 a multiple of 1857?
False
Does 533 divide 1002923181?
True
Is 24 a factor of 85567320?
True
Does 25 divide 10370750?
True
Does 949 divide 414763146?
False
Is 830 a factor of 36783940?
True
Does 23 divide 47353450?
False
Does 125 divide 42326490?
False
Does 786 divide 133265514?
True
Is 14 a factor of 219840496?
False
Is 3 a factor of 10487832?
True
Does 68 divide 29091817?
False
Does 18 divide 131577676?
False
Is 79832223 a multiple of 2511?
True
Does 322 divide 255763956?
True
Does 942 divide 126337921?
False
Is 29980462 a multiple of 2115?
False
Does 102 divide 7607176?
False
Does 64 divide 377862?
False
Is 32 a factor of 994303584?
True
Is 5 a factor of 28227772?
False
Is 35 a factor of 3543060395?
True
Is 55303929 a multiple of 9?
True
Does 3 divide 36422204?
False
Does 43 divide 59610876?
False
Does 1800 divide 933456600?
True
Is 4192127282 a multiple of 15?
False
Is 19888720 a multiple of 203?
False
Is 1382090 a multiple of 622?
False
Is 314 a factor of 1181025224?
False
Does 453 divide 64843326?
True
Does 14 divide 50234114?
True
Does 19 divide 755744171?
True
Is 2004 a factor of 15358656?
True
Is 366996546 a multiple of 9?
True
Is 1664 a factor of 69834752?
True
Is 146241271 a multiple of 441?
False
Is 5 a factor of 112086625?
True
Is 23 a factor of 74534768?
False
Is 1989149740 a multiple of 2215?
True
Is 15547019 a multiple of 70?
False
Is 324572 a multiple of 45?
False
Is 18 a factor of 506445138?
True
Does 58 divide 28826348?
True
Is 276 a factor of 589634256?
True
Is 3125397096 a multiple of 4104?
True
Is 20 a factor of 386524027?
False
Is 828 a factor of 263292524?
False
Does 1985 divide 126066974?
False
Is 294386 a multiple of 122?
True
Is 118533282 a multiple of 51?
True
Does 1776 divide 37766640?
True
Is 94 a factor of 9063198?
True
Is 1908980201 a multiple of 40?
False
Is 1022 a factor of 106182734?
True
Is 381135088 a multiple of 112?
False
Does 13 divide 47232211?
True
Is 6902 a factor of 2974865530?
True
Is 20 a factor of 141055854?
False
Is 28 a factor of 150048416?
True
Is 38 a factor of 3273071?
False
Does 14 divide 530050945?
False
Does 530 divide 206189833?
False
Is 30200816 a multiple of 108?
False
Is 29596472 a multiple of 232?
True
Is 189986592 a multiple of 991?
True
Is 1703 a factor of 338536269?
False
Is 24896149 a multiple of 8?
False
Does 7 divide 4998289?
False
Does 82 divide 15886844?
True
Is 17605920 a multiple of 75?
False
Is 43531023 a multiple of 8?
False
Is 10270152 a multiple of 5832?
True
Is 1069522838 a multiple of 219?
False
Is 53 a factor of 23644957?
False
Is 4126 a factor of 154221628?
True
Is 4610032 a multiple of 53?
False
Is 323924232 a multiple of 15?
False
Is 442450164 a multiple of 39?
True
Is 3374309295 a multiple of 21?
True
Is 81411456 a multiple of 2931?
True
Is 173343322 a multiple of 75?
False
Does 75 divide 4325550?
True
Is 16 a factor of 1690830689?
False
Is 4409 a factor of 647391106?
True
Does 605 divide 84575177?
False
Is 132117870 a multiple of 30?
True
Does 33 divide 2261622?
True
Is 1451295354 a multiple of 1311?
True
Is 420 a factor of 171479700?
True
Does 7656 divide 359379609?
False
Does 56 divide 12267351?
False
Is 26 a factor of 49958896?
True
Does 118 divide 26150806?
True
Is 2749 a factor of 89565169?
True
Is 499 a factor of 31105496?
False
Does 93 divide 16076559?
False
Is 59772459 a multiple of 245?
False
Is 15 a factor of 806043184?
False
Does 19 divide 227176789?
False
Is 245 a factor of 66263925?
True
Is 6980765 a multiple of 70?
False
Does 4 divide 59532385?
False
Is 145999890 a multiple of 2595?
True
Is 4206 a factor of 7753315229?
False
Is 20610622 a multiple of 34?
False
Does 85 divide 8203775?
True
Is 10 a factor of 150445490?
True
Does 104 divide 3620686?
False
Is 75 a factor of 636257023?
False
Is 4340500 a multiple of 28?
False
Does 64 divide 121317312?
True
Does 654 divide 97989872?
False
Is 725148767 a multiple of 2513?
True
Is 466046064 a multiple of 64?
False
Is 382974417 a multiple of 750?
False
Does 6 divide 196280847?
False
Is 8972 a factor of 266728088?
False
Is 589 a factor of 104946907?
False
Does 6899 divide 232441108?
True
Is 540291763 a multiple of 1988?
False
Is 1143495897 a multiple of 249?
True
Is 29871098 a multiple of 226?
True
Is 1543438 a multiple of 318?
False
Is 36526273 a multiple of 168?
False
Is 9104 a factor of 167367936?
True
Is 31 a factor of 638979792?
False
Is 9468923 a multiple of 1129?
True
Is 275711919 a multiple of 1227?
False
Does 19 divide 38266833?
False
Is 1340 a factor of 93793341?
False
Is 1637447228 a multiple of 215?
False
Is 73 a factor of 1193838496?
True
Does 12 divide 22788366?
False
Does 232 divide 733906761?
False
Is 1455 a factor of 9521520?
True
Is 5 a factor of 32305899?
False
Is 17945774 a multiple of 1102?
False
Does 822 divide 731855732?
False
Does 987 divide 64452407?
False
Is 192 a factor of 395881298?
False
Does 255 divide 284406046?
False
Is 6151 a factor of 3489628377?
True
Is 19 a factor of 36234691?
True
Is 782 a factor of 26891416?
True
Is 177568149 a multiple of 11?
True
Is 2769 a factor of 204249331?
False
Is 69 a factor of 143441152?
False
Is 607 a factor of 13919117?
True
Is 215979913 a multiple of 12?
False
Is 131789972 a multiple of 718?
False
Does 8 divide 2094938?
False
Does 299 divide 69136990?
False
Does 35 divide 913430?
True
Does 155 divide 93676917?
False
Is 17 a factor of 167736433?
True
Is 11585 a factor of 2758899740?
False
Is 429 a factor of 324148584?
False
Does 2471 divide 838452307?
True
Is 12877671 a multiple of 47?
True
Is 54852986 a multiple of 106?
True
Is 722 a factor of 3657659220?
True
Does 7 divide 768850400?
False
Does 6 divide 239964?
True
Is 1092 a factor of 76334076?
True
Is 83 a factor of 341142201?
True
Is 7942503 a multiple of 37?
False
Does 14 divide 49728182?
True
Does 3 divide 211915268?
False
Is 209425695 a multiple of 57?
True
Is 149976044 a multiple of 31?
False
Is 337 a factor of 1368427394?
False
Is 47 a factor of 41586467?
False
Does 275 divide 57665850?
True
Is 971 a factor of 37009665?
True
Is 510611584 a multiple of 4816?
True
Is 3390 a factor of 1157316556?
False
Does 27 divide 2104985?
False
Is 3071082 a multiple of 1985?
False
Is 1769 a factor of 128863205?
False
Does 10 divide 92962950?
True
Is 224193722 a multiple of 41?
False
Does 20 divide 38290988?
False
Is 27990441 a multiple of 503?
True
Does 132 divide 373858607?
False
Does 46 divide 784342597?
False
Does 2 divide 143485?
False
Is 80397720 a multiple of 40?
True
Is 696 a factor of 173368728?
True
Is 2018633892 a multiple of 421?
False
Is 25132045 a multiple of 239?
True
Does 280 divide 5211897764?
False
Is 61 a factor of 133357113?
False
Is 20 a factor of 85692840?
True
Does 1155 divide 7430115?
True
Is 461 a factor of 42736367?
False
Is 128652412 a multiple of 53?
True
Is 99 a factor of 9621711?
True
Does 38 divide 15933552?
True
Is 740 a factor of 2475872760?
True
Is 15 a factor of 5631481470?
True
Is 4 a factor of 19463124?
True
Does 209 divide 1234301185?
False
Is 190 a factor of 1774623370?
True
Is 260948597 a multiple of 238?
False
Does 223 divide 311999077?